{"id":187,"date":"2012-11-22T08:33:12","date_gmt":"2012-11-22T07:33:12","guid":{"rendered":"https:\/\/nangijala.appelis.se\/?page_id=187"},"modified":"2019-12-07T14:47:17","modified_gmt":"2019-12-07T13:47:17","slug":"om-appelis","status":"publish","type":"page","link":"https:\/\/www.appelis.se\/?page_id=187","title":{"rendered":"Om app\u00e9lis"},"content":{"rendered":"<p>App\u00e9lis \u00e4r ett namn jag hittat p\u00e5 \u00e5t mig. Jag hittade f\u00f6rst p\u00e5 det som anv\u00e4ndarnamn p\u00e5 Lunarstorm. N\u00e4r jag 2012 ville ha ett eget dom\u00e4nnamn f\u00f6r att ansluta till min hemman\u00e4tverk p\u00e5 resande fot kom namnet \u00e5ter till anv\u00e4ndning.<\/p>\n<p>Namnet \u00e4r t\u00e4nkt att klinga som en grekisk gud, typ Poseidon. Dock vill jag som f\u00f6ga troede och f\u00f6r att f\u00f6rs\u00f6ka undvika att f\u00f6rarga alltf\u00f6r m\u00e5nga troende eller greker betona att jag inte hittat p\u00e5 n\u00e5gon ny gud, inte ens ett gudanamn, men namnet ska klinga p\u00e5 liknande sk\u00f6na s\u00e4tt, d\u00e5 det var fr\u00e5n dem jag fick inspiration till namnet.<\/p>\n","protected":false},"excerpt":{"rendered":"<p>App\u00e9lis \u00e4r ett namn jag hittat p\u00e5 \u00e5t mig. Jag hittade f\u00f6rst p\u00e5 det som anv\u00e4ndarnamn p\u00e5 Lunarstorm. N\u00e4r jag 2012 ville ha ett eget dom\u00e4nnamn f\u00f6r att ansluta till min hemman\u00e4tverk p\u00e5 resande fot kom namnet \u00e5ter till anv\u00e4ndning. Namnet \u00e4r t\u00e4nkt att klinga som en grekisk gud, typ Poseidon. Dock vill jag som [&hellip;]<\/p>\n","protected":false},"author":1,"featured_media":0,"parent":0,"menu_order":0,"comment_status":"closed","ping_status":"open","template":"","meta":{"footnotes":""},"class_list":["post-187","page","type-page","status-publish","hentry"],"_links":{"self":[{"href":"https:\/\/www.appelis.se\/index.php?rest_route=\/wp\/v2\/pages\/187","targetHints":{"allow":["GET"]}}],"collection":[{"href":"https:\/\/www.appelis.se\/index.php?rest_route=\/wp\/v2\/pages"}],"about":[{"href":"https:\/\/www.appelis.se\/index.php?rest_route=\/wp\/v2\/types\/page"}],"author":[{"embeddable":true,"href":"https:\/\/www.appelis.se\/index.php?rest_route=\/wp\/v2\/users\/1"}],"replies":[{"embeddable":true,"href":"https:\/\/www.appelis.se\/index.php?rest_route=%2Fwp%2Fv2%2Fcomments&post=187"}],"version-history":[{"count":8,"href":"https:\/\/www.appelis.se\/index.php?rest_route=\/wp\/v2\/pages\/187\/revisions"}],"predecessor-version":[{"id":579,"href":"https:\/\/www.appelis.se\/index.php?rest_route=\/wp\/v2\/pages\/187\/revisions\/579"}],"wp:attachment":[{"href":"https:\/\/www.appelis.se\/index.php?rest_route=%2Fwp%2Fv2%2Fmedia&parent=187"}],"curies":[{"name":"wp","href":"https:\/\/api.w.org\/{rel}","templated":true}]}}